{"id":27,"date":"2021-04-23T20:51:18","date_gmt":"2021-04-23T20:51:18","guid":{"rendered":"https:\/\/urodhas.com.mx\/?page_id=27"},"modified":"2021-07-02T22:34:05","modified_gmt":"2021-07-02T22:34:05","slug":"servicio","status":"publish","type":"page","link":"https:\/\/urodhas.com.mx\/index.php\/servicio\/","title":{"rendered":"Servicio"},"content":{"rendered":"<p>[et_pb_section fb_built=\u00bb1&#8243; admin_label=\u00bbHero Section\u00bb _builder_version=\u00bb4.9.4&#8243; use_background_color_gradient=\u00bbon\u00bb background_color_gradient_start=\u00bbrgba(0,0,0,0.5)\u00bb background_color_gradient_end=\u00bbrgba(0,0,0,0)\u00bb background_color_gradient_overlays_image=\u00bbon\u00bb background_image=\u00bbhttps:\/\/urodhas.com.mx\/wp-content\/uploads\/2021\/04\/building-2378893_1920-1.jpg\u00bb custom_margin=\u00bb|||\u00bb custom_padding=\u00bb12.6%||20%|||\u00bb][et_pb_row _builder_version=\u00bb3.25&#8243; background_size=\u00bbinitial\u00bb background_position=\u00bbtop_left\u00bb background_repeat=\u00bbrepeat\u00bb][et_pb_column type=\u00bb4_4&#8243; _builder_version=\u00bb3.25&#8243; custom_padding=\u00bb|||\u00bb custom_padding__hover=\u00bb|||\u00bb][et_pb_text admin_label=\u00bbTitle\u00bb _builder_version=\u00bb3.27.4&#8243; text_font=\u00bbQuattrocento||||||||\u00bb text_font_size=\u00bb22px\u00bb text_line_height=\u00bb1.4em\u00bb header_font=\u00bbQuattrocento|||on|||||\u00bb header_text_align=\u00bbcenter\u00bb header_font_size=\u00bb80px\u00bb header_letter_spacing=\u00bb6px\u00bb header_line_height=\u00bb1.4em\u00bb text_orientation=\u00bbcenter\u00bb background_layout=\u00bbdark\u00bb max_width=\u00bb800px\u00bb module_alignment=\u00bbcenter\u00bb animation_style=\u00bbslide\u00bb animation_direction=\u00bbtop\u00bb animation_intensity_slide=\u00bb3%\u00bb animation_starting_opacity=\u00bb100%\u00bb header_font_size_tablet=\u00bb40px\u00bb header_font_size_phone=\u00bb\u00bb header_font_size_last_edited=\u00bbon|tablet\u00bb]<\/p>\n<h1>Servicios<\/h1>\n<p>[\/et_pb_text][\/et_pb_column][\/et_pb_row][\/et_pb_section][et_pb_section fb_built=\u00bb1&#8243; admin_label=\u00bbNew Arrivals Section\u00bb _builder_version=\u00bb4.9.4&#8243; custom_padding=\u00bb17px|0px|6px|0px||\u00bb locked=\u00bboff\u00bb][et_pb_row column_structure=\u00bb1_3,1_3,1_3&#8243; _builder_version=\u00bb4.9.4&#8243; max_width=\u00bb1440px\u00bb custom_margin=\u00bb20px|||\u00bb custom_padding=\u00bb|||\u00bb use_custom_width=\u00bbon\u00bb custom_width_px=\u00bb1440px\u00bb locked=\u00bboff\u00bb][et_pb_column type=\u00bb1_3&#8243; _builder_version=\u00bb4.9.4&#8243; custom_padding=\u00bb|||\u00bb box_shadow_style=\u00bbpreset1&#8243; custom_padding__hover=\u00bb|||\u00bb][et_pb_blurb title=\u00bbObra civil\u00bb image=\u00bbhttps:\/\/urodhas.com.mx\/wp-content\/uploads\/2021\/04\/railroad-workers-185543_1920.jpg\u00bb _builder_version=\u00bb4.9.4&#8243; header_font=\u00bbQuattrocento|700|||||||\u00bb header_text_color=\u00bb#000000&#8243; header_font_size=\u00bb28px\u00bb header_line_height=\u00bb2.2em\u00bb text_orientation=\u00bbcenter\u00bb custom_margin=\u00bb13px|13px|0px|13px|false|false\u00bb animation=\u00bbright\u00bb]<\/p>\n<ul>\n<li style=\"text-align: left;\"><span style=\"font-weight: 400;\">Carreteras<\/span><\/li>\n<li style=\"text-align: left;\"><span style=\"font-weight: 400;\">Obras hidr\u00e1ulicas<\/span><\/li>\n<li style=\"text-align: left;\"><span style=\"font-weight: 400;\">Tratamiento de aguas y medio ambiente<\/span><\/li>\n<li style=\"text-align: left;\"><span style=\"font-weight: 400;\">Obras mar\u00edtimas<\/span><\/li>\n<li style=\"text-align: left;\"><span style=\"font-weight: 400;\">Obras ferroviarias<\/span><\/li>\n<li style=\"text-align: left;\"><span style=\"font-weight: 400;\">Obras aeroportuarias<\/span><\/li>\n<li style=\"text-align: left;\"><span style=\"font-weight: 400;\">Urbanizaci\u00f3n y pol\u00edgonos<\/span><\/li>\n<li style=\"text-align: left;\"><span style=\"font-weight: 400;\">Pavimentos asf\u00e1lticos<\/span><\/li>\n<\/ul>\n<p>[\/et_pb_blurb][\/et_pb_column][et_pb_column type=\u00bb1_3&#8243; _builder_version=\u00bb4.9.4&#8243; custom_padding=\u00bb|||\u00bb box_shadow_style=\u00bbpreset1&#8243; custom_padding__hover=\u00bb|||\u00bb][et_pb_blurb title=\u00bbEdificaci\u00f3n\u00bb image=\u00bbhttps:\/\/urodhas.com.mx\/wp-content\/uploads\/2021\/04\/house-409451_1920.jpg\u00bb _builder_version=\u00bb4.9.4&#8243; header_font=\u00bbQuattrocento|700|||||||\u00bb header_text_color=\u00bb#000000&#8243; header_font_size=\u00bb28px\u00bb header_line_height=\u00bb2.2em\u00bb text_orientation=\u00bbcenter\u00bb custom_margin=\u00bb13px|13px||13px|false|true\u00bb animation=\u00bboff\u00bb locked=\u00bboff\u00bb]<\/p>\n<ul>\n<li style=\"font-weight: 400; text-align: left;\" aria-level=\"1\"><span style=\"font-weight: 400;\">Edificios de oficinas y servicios<\/span><\/li>\n<li style=\"font-weight: 400; text-align: left;\" aria-level=\"1\"><span style=\"font-weight: 400;\">Instalaciones deportivas y culturales<\/span><\/li>\n<li style=\"font-weight: 400; text-align: left;\" aria-level=\"1\"><span style=\"font-weight: 400;\">Centros docentes<\/span><\/li>\n<li style=\"font-weight: 400; text-align: left;\" aria-level=\"1\"><span style=\"font-weight: 400;\">Viviendas<\/span><\/li>\n<li style=\"font-weight: 400; text-align: left;\" aria-level=\"1\"><span style=\"font-weight: 400;\">Equipos industriales<\/span><\/li>\n<\/ul>\n<p>[\/et_pb_blurb][\/et_pb_column][et_pb_column type=\u00bb1_3&#8243; _builder_version=\u00bb4.9.4&#8243; custom_padding=\u00bb|||\u00bb box_shadow_style=\u00bbpreset1&#8243; custom_padding__hover=\u00bb|||\u00bb][et_pb_blurb title=\u00bbInstalaciones\u00bb image=\u00bbhttps:\/\/urodhas.com.mx\/wp-content\/uploads\/2021\/07\/27825609_m-scaled.jpg\u00bb _builder_version=\u00bb4.9.4&#8243; header_font=\u00bbQuattrocento|700|||||||\u00bb header_text_color=\u00bb#000000&#8243; header_font_size=\u00bb28px\u00bb header_line_height=\u00bb2.2em\u00bb text_orientation=\u00bbcenter\u00bb custom_margin=\u00bb13px|13px||13px|false|true\u00bb animation=\u00bboff\u00bb locked=\u00bboff\u00bb]<\/p>\n<ul>\n<li style=\"text-align: left;\">El\u00e9ctricas Media y Alta tensi\u00f3n<\/li>\n<li style=\"text-align: left;\">Voz y Datos<\/li>\n<li style=\"text-align: left;\">Hidr\u00e1ulicas<\/li>\n<li style=\"text-align: left;\">Seguridad<\/li>\n<li style=\"text-align: left;\">Sanitarias<\/li>\n<li style=\"text-align: left;\">Aire Acondicionado<\/li>\n<\/ul>\n<p>[\/et_pb_blurb][\/et_pb_column][\/et_pb_row][\/et_pb_section][et_pb_section fb_built=\u00bb1&#8243; admin_label=\u00bbNew Arrivals Section\u00bb _builder_version=\u00bb4.9.4&#8243; custom_padding=\u00bb17px|0px|103px|0px||\u00bb locked=\u00bboff\u00bb][et_pb_row column_structure=\u00bb1_3,1_3,1_3&#8243; _builder_version=\u00bb4.9.4&#8243; max_width=\u00bb1440px\u00bb custom_margin=\u00bb20px|||\u00bb custom_padding=\u00bb|||\u00bb use_custom_width=\u00bbon\u00bb custom_width_px=\u00bb1440px\u00bb locked=\u00bboff\u00bb][et_pb_column type=\u00bb1_3&#8243; _builder_version=\u00bb4.9.4&#8243; custom_padding=\u00bb|||\u00bb box_shadow_style=\u00bbpreset1&#8243; custom_padding__hover=\u00bb|||\u00bb][et_pb_blurb title=\u00bbAdministraci\u00f3n de construcci\u00f3n de proyectos\u00bb image=\u00bbhttps:\/\/urodhas.com.mx\/wp-content\/uploads\/2021\/04\/realizacion-inspeccion-obra_236854-1293.jpg\u00bb _builder_version=\u00bb4.9.4&#8243; header_font=\u00bbQuattrocento|700|||||||\u00bb header_text_color=\u00bb#000000&#8243; header_font_size=\u00bb24px\u00bb header_line_height=\u00bb2.2em\u00bb text_orientation=\u00bbcenter\u00bb custom_margin=\u00bb13px|13px||13px|false|true\u00bb animation=\u00bbleft\u00bb locked=\u00bboff\u00bb]<\/p>\n<ul>\n<li style=\"font-weight: 400; text-align: left;\" aria-level=\"1\"><span style=\"font-weight: 400;\">Gesti\u00f3n de obra y proyectos<\/span><\/li>\n<li style=\"font-weight: 400; text-align: left;\" aria-level=\"1\"><span style=\"font-weight: 400;\">Cronograma\/Programaci\u00f3n y Control de Proyecto<\/span><\/li>\n<li style=\"font-weight: 400; text-align: left;\" aria-level=\"1\"><span style=\"font-weight: 400;\">Estimaci\u00f3n de Costos<\/span><\/li>\n<li style=\"font-weight: 400; text-align: left;\" aria-level=\"1\"><span style=\"font-weight: 400;\">Control de Costos y Contabilidad<\/span><\/li>\n<li style=\"font-weight: 400; text-align: left;\" aria-level=\"1\"><span style=\"font-weight: 400;\">Manejo y An\u00e1lisis de Riesgos<\/span><\/li>\n<li style=\"font-weight: 400; text-align: left;\" aria-level=\"1\"><span style=\"font-weight: 400;\">Reorientaci\u00f3n de Proyectos en Conflicto<\/span><\/li>\n<li style=\"font-weight: 400; text-align: left;\" aria-level=\"1\"><span style=\"font-weight: 400;\">Inspecci\u00f3n de Obras\/Construcci\u00f3n<\/span><\/li>\n<\/ul>\n<p>[\/et_pb_blurb][\/et_pb_column][et_pb_column type=\u00bb1_3&#8243; _builder_version=\u00bb4.9.4&#8243; custom_padding=\u00bb|||\u00bb box_shadow_style=\u00bbpreset1&#8243; custom_padding__hover=\u00bb|||\u00bb][et_pb_blurb title=\u00bbAsesor\u00eda legal y gestor\u00eda\u00bb image=\u00bbhttps:\/\/urodhas.com.mx\/wp-content\/uploads\/2021\/04\/financial-3207895_1920.jpg\u00bb _builder_version=\u00bb4.9.4&#8243; header_font=\u00bbQuattrocento|700|||||||\u00bb header_text_align=\u00bbcenter\u00bb header_text_color=\u00bb#000000&#8243; header_font_size=\u00bb28px\u00bb header_line_height=\u00bb2.2em\u00bb text_orientation=\u00bbcenter\u00bb custom_margin=\u00bb13px|13px|0px|13px|false|false\u00bb animation=\u00bbright\u00bb]<\/p>\n<ul>\n<li style=\"font-weight: 400;\" aria-level=\"1\"><span style=\"font-weight: 400;\">Evaluaci\u00f3n \/ Preparaci\u00f3n \/ Resoluci\u00f3n de Reclamos en Construcci\u00f3n<\/span><\/li>\n<li style=\"font-weight: 400; text-align: left;\" aria-level=\"1\"><span style=\"font-weight: 400;\">An\u00e1lisis del M\u00e9todo de Ruta Cr\u00edtica \/ Retrasos<\/span><\/li>\n<li style=\"font-weight: 400; text-align: left;\" aria-level=\"1\"><span style=\"font-weight: 400;\">An\u00e1lisis de Mano de Obra \/ Productividad<\/span><\/li>\n<li style=\"font-weight: 400; text-align: left;\" aria-level=\"1\"><span style=\"font-weight: 400;\">An\u00e1lisis de Defectos en Construcci\u00f3n<\/span><\/li>\n<li style=\"font-weight: 400; text-align: left;\" aria-level=\"1\"><span style=\"font-weight: 400;\">An\u00e1lisis y Cuantificaci\u00f3n de Da\u00f1os<\/span><\/li>\n<li style=\"font-weight: 400; text-align: left;\" aria-level=\"1\"><span style=\"font-weight: 400;\">Tramite de Permisos y Concesiones<\/span><\/li>\n<\/ul>\n<ul><\/ul>\n<p>[\/et_pb_blurb][\/et_pb_column][et_pb_column type=\u00bb1_3&#8243; _builder_version=\u00bb4.9.4&#8243; custom_padding=\u00bb|||\u00bb box_shadow_style=\u00bbpreset1&#8243; custom_padding__hover=\u00bb|||\u00bb][et_pb_blurb title=\u00bbInmobiliaria\u00bb image=\u00bbhttps:\/\/urodhas.com.mx\/wp-content\/uploads\/2021\/04\/business-15498_1920.jpg\u00bb _builder_version=\u00bb4.9.4&#8243; header_font=\u00bbQuattrocento|700|||||||\u00bb header_text_color=\u00bb#000000&#8243; header_font_size=\u00bb28px\u00bb header_line_height=\u00bb2.2em\u00bb text_orientation=\u00bbcenter\u00bb custom_margin=\u00bb13px|13px||13px|false|true\u00bb animation=\u00bboff\u00bb locked=\u00bboff\u00bb]<\/p>\n<ul>\n<li style=\"text-align: left;\"><span style=\"font-weight: 400;\">Administraci\u00f3n<\/span><\/li>\n<li style=\"font-weight: 400; text-align: left;\" aria-level=\"1\"><span style=\"font-weight: 400;\">Contabilidad<\/span><\/li>\n<li style=\"font-weight: 400; text-align: left;\" aria-level=\"1\"><span style=\"font-weight: 400;\">\u00c1rea Legal<\/span><\/li>\n<li style=\"font-weight: 400; text-align: left;\" aria-level=\"1\"><span style=\"font-weight: 400;\">Mantenimiento<\/span><\/li>\n<li style=\"font-weight: 400; text-align: left;\" aria-level=\"1\"><span style=\"font-weight: 400;\">Seguridad<\/span><\/li>\n<\/ul>\n<p>[\/et_pb_blurb][\/et_pb_column][\/et_pb_row][et_pb_row _builder_version=\u00bb3.25&#8243; custom_margin=\u00bb20px|||\u00bb custom_padding=\u00bb|||\u00bb][et_pb_column type=\u00bb4_4&#8243; _builder_version=\u00bb3.25&#8243; custom_padding=\u00bb|||\u00bb custom_padding__hover=\u00bb|||\u00bb][et_pb_button button_url=\u00bbhttps:\/\/urodhas.com.mx\/index.php\/contacto\/\u00bb button_text=\u00bbCont\u00e1ctanos\u00bb button_alignment=\u00bbcenter\u00bb _builder_version=\u00bb4.9.4&#8243; custom_button=\u00bbon\u00bb button_text_size=\u00bb14px\u00bb button_bg_color=\u00bb#343434&#8243; button_border_width=\u00bb12px\u00bb button_border_color=\u00bb#343434&#8243; button_border_radius=\u00bb0px\u00bb button_letter_spacing=\u00bb4px\u00bb button_font=\u00bbNunito Sans|700||on|||||\u00bb button_icon=\u00bb%%3%%\u00bb background_layout=\u00bbdark\u00bb custom_margin=\u00bb|||\u00bb animation_style=\u00bbslide\u00bb animation_direction=\u00bbtop\u00bb animation_intensity_slide=\u00bb3%\u00bb animation_starting_opacity=\u00bb100%\u00bb locked=\u00bboff\u00bb button_text_size__hover_enabled=\u00bboff\u00bb button_one_text_size__hover_enabled=\u00bboff\u00bb button_two_text_size__hover_enabled=\u00bboff\u00bb button_text_color__hover_enabled=\u00bboff\u00bb button_one_text_color__hover_enabled=\u00bboff\u00bb button_two_text_color__hover_enabled=\u00bboff\u00bb button_border_width__hover_enabled=\u00bboff\u00bb button_one_border_width__hover_enabled=\u00bboff\u00bb button_two_border_width__hover_enabled=\u00bboff\u00bb button_border_color__hover_enabled=\u00bboff\u00bb button_one_border_color__hover_enabled=\u00bboff\u00bb button_two_border_color__hover_enabled=\u00bboff\u00bb button_border_radius__hover_enabled=\u00bboff\u00bb button_one_border_radius__hover_enabled=\u00bboff\u00bb button_two_border_radius__hover_enabled=\u00bboff\u00bb button_letter_spacing__hover_enabled=\u00bboff\u00bb button_one_letter_spacing__hover_enabled=\u00bboff\u00bb button_two_letter_spacing__hover_enabled=\u00bboff\u00bb button_bg_color__hover_enabled=\u00bboff\u00bb button_one_bg_color__hover_enabled=\u00bboff\u00bb button_two_bg_color__hover_enabled=\u00bboff\u00bb][\/et_pb_button][\/et_pb_column][\/et_pb_row][\/et_pb_section]<\/p>\n","protected":false},"excerpt":{"rendered":"<p>Servicios Carreteras Obras hidr\u00e1ulicas Tratamiento de aguas y medio ambiente Obras mar\u00edtimas Obras ferroviarias Obras aeroportuarias Urbanizaci\u00f3n y pol\u00edgonos Pavimentos asf\u00e1lticos Edificios de oficinas y servicios Instalaciones deportivas y culturales Centros docentes Viviendas Equipos industriales El\u00e9ctricas Media y Alta tensi\u00f3n Voz y Datos Hidr\u00e1ulicas Seguridad Sanitarias Aire Acondicionado Gesti\u00f3n de obra y proyectos Cronograma\/Programaci\u00f3n y [&hellip;]<\/p>\n","protected":false},"author":1,"featured_media":0,"parent":0,"menu_order":0,"comment_status":"closed","ping_status":"closed","template":"","meta":{"_et_pb_use_builder":"on","_et_pb_old_content":"","_et_gb_content_width":"","footnotes":""},"class_list":["post-27","page","type-page","status-publish","hentry"],"_links":{"self":[{"href":"https:\/\/urodhas.com.mx\/index.php\/wp-json\/wp\/v2\/pages\/27","targetHints":{"allow":["GET"]}}],"collection":[{"href":"https:\/\/urodhas.com.mx\/index.php\/wp-json\/wp\/v2\/pages"}],"about":[{"href":"https:\/\/urodhas.com.mx\/index.php\/wp-json\/wp\/v2\/types\/page"}],"author":[{"embeddable":true,"href":"https:\/\/urodhas.com.mx\/index.php\/wp-json\/wp\/v2\/users\/1"}],"replies":[{"embeddable":true,"href":"https:\/\/urodhas.com.mx\/index.php\/wp-json\/wp\/v2\/comments?post=27"}],"version-history":[{"count":18,"href":"https:\/\/urodhas.com.mx\/index.php\/wp-json\/wp\/v2\/pages\/27\/revisions"}],"predecessor-version":[{"id":201,"href":"https:\/\/urodhas.com.mx\/index.php\/wp-json\/wp\/v2\/pages\/27\/revisions\/201"}],"wp:attachment":[{"href":"https:\/\/urodhas.com.mx\/index.php\/wp-json\/wp\/v2\/media?parent=27"}],"curies":[{"name":"wp","href":"https:\/\/api.w.org\/{rel}","templated":true}]}}